tiple of 125?
True
Is 548958630 a multiple of 11?
True
Does 10 divide 447463787?
False
Is 91973580 a multiple of 804?
True
Is 3 a factor of 43669566?
True
Is 1956405939 a multiple of 16?
False
Is 5377760 a multiple of 38?
True
Is 64 a factor of 4019456?
True
Does 1131 divide 17397748?
False
Does 16 divide 381726720?
True
Is 3 a factor of 98094685?
False
Is 172785831 a multiple of 15?
False
Is 34883156 a multiple of 308?
True
Is 65096 a multiple of 8?
True
Is 67 a factor of 13432562?
True
Does 53 divide 134431308?
False
Is 2968355397 a multiple of 1799?
True
Is 23 a factor of 366410953?
True
Is 68740838 a multiple of 268?
False
Does 5696 divide 243355674?
False
Does 249 divide 9048194?
False
Is 105447181 a multiple of 756?
False
Is 68006050 a multiple of 83?
True
Does 5395 divide 1627124220?
False
Is 445426324 a multiple of 543?
False
Is 257536753 a multiple of 115?
False
Is 183 a factor of 8815492?
False
Does 5131 divide 105548369?
False
Is 237 a factor of 128886147?
False
Is 254701542 a multiple of 41?
False
Does 9 divide 65136068?
False
Is 213429630 a multiple of 698?
False
Is 57346292 a multiple of 1508?
False
Is 308224365 a multiple of 22?
False
Is 303313609 a multiple of 82?
False
Is 27819290 a multiple of 82?
False
Does 110 divide 3181970?
True
Is 4569 a factor of 255087270?
True
Is 16206192 a multiple of 8?
True
Is 134462370 a multiple of 2910?
True
Does 359 divide 3918679997?
False
Is 43180236 a multiple of 836?
True
Is 3180 a factor of 1391325630?
False
Is 92 a factor of 250648922?
False
Is 55786458 a multiple of 83?
True
Is 104 a factor of 13487087?
False
Is 6 a factor of 949254?
True
Is 1589 a factor of 29534743?
True
Is 2294 a factor of 885724803?
False
Is 446059603 a multiple of 10939?
True
Is 4 a factor of 5384515?
False
Does 87 divide 2535290?
False
Does 111 divide 608414584?
False
Is 11 a factor of 30537611?
False
Does 76 divide 46897046?
False
Is 9444149 a multiple of 94?
False
Is 103439124 a multiple of 79?
True
Is 64 a factor of 2899505?
False
Does 12 divide 567889080?
True
Does 79 divide 401414423?
False
Does 22 divide 501660112?
False
Is 72 a factor of 2555801640?
True
Does 67 divide 53734000?
True
Does 55 divide 28458925?
True
Does 23 divide 19689261?
False
Does 40 divide 34728240?
True
Is 1337 a factor of 178111402?
False
Is 648 a factor of 26080841?
False
Does 1002 divide 2722761923?
False
Is 4 a factor of 2884600?
True
Does 3203 divide 55098006?
True
Does 1229 divide 1404710130?
True
Is 151015978 a multiple of 164?
False
Is 15 a factor of 551297486?
False
Is 330525480 a multiple of 20?
True
Is 41397043 a multiple of 51?
False
Is 4375547637 a multiple of 3799?
True
Does 3 divide 159690993?
True
Does 2042 divide 4332664550?
True
Is 13 a factor of 98736586?
True
Is 38701194 a multiple of 712?
False
Is 60463927 a multiple of 577?
False
Is 10635744 a multiple of 38?
True
Does 237 divide 1978055300?
False
Is 395936414 a multiple of 1640?
False
Does 6 divide 350362?
False
Is 517304803 a multiple of 88?
False
Does 25 divide 407008700?
True
Does 11 divide 2582528?
False
Does 208 divide 30949140?
False
Does 27 divide 299966625?
True
Is 8092 a factor of 899949695?
False
Does 112 divide 42093296?
True
Is 17 a factor of 14272299?
True
Is 45 a factor of 11141640?
True
Is 14035406 a multiple of 7?
True
Does 237 divide 8449524?
True
Does 1657 divide 18414241?
True
Is 160649515 a multiple of 90?
False
Does 14 divide 70350584?
False
Is 1936 a factor of 252611129?
False
Is 76 a factor of 741444980?
True
Does 30 divide 26417534?
False
Is 13055982 a multiple of 77?
False
Does 448 divide 937500465?
False
Does 147 divide 80661840?
True
Is 1548 a factor of 4269668230?
False
Is 46185700 a multiple of 121?
True
Is 4 a factor of 57464084?
True
Is 26087382 a multiple of 9?
True
Is 164214176 a multiple of 447?
False
Does 273 divide 2458369?
False
Is 103886728 a multiple of 79?
False
Is 212019584 a multiple of 5504?
True
Is 2787071 a multiple of 2?
False
Is 8873450 a multiple of 515?
True
Is 1866227 a multiple of 4?
False
Is 66432322 a multiple of 1957?
True
Is 47854939 a multiple of 4411?
True
Is 2909402925 a multiple of 22?
False
Does 26 divide 69794686?
True
Is 9613183 a multiple of 3?
False
Is 317595936 a multiple of 812?
True
Is 690836796 a multiple of 26?
True
Is 73 a factor of 67797938?
False
Is 17 a factor of 4206884?
False
Is 11061 a factor of 4213887048?
True
Is 12 a factor of 191376693?
False
Does 178 divide 99838420?
True
Does 1459 divide 66972796?
False
Does 118 divide 244854012?
True
Does 2362 divide 222254752?
True
Does 19 divide 83437702?
True
Is 39033353 a multiple of 19?
True
Is 17814691 a multiple of 31?
False
Is 385156083 a multiple of 269?
True
Is 167 a factor of 157204530?
False
Is 31 a factor of 8127669?
False
Is 98 a factor of 1266342672?
True
Does 157 divide 98712023?
True
Is 240507405 a multiple of 2704?
False
Is 1201 a factor of 216085121?
True
Is 615136000 a multiple of 14?
False
Is 933637939 a multiple of 868?
False
Is 455587718 a multiple of 62?
True
Is 192 a factor of 28443885?
False
Does 2380 divide 517427996?
False
Is 1472913105 a multiple of 5?
True
Does 33 divide 279178107?
False
Is 568396224 a multiple of 187?
True
Is 4157 a factor of 28482883?
False
Does 3 divide 172108303?
False
Is 20034395 a multiple of 5?
True
Is 1610284 a multiple of 174?
False
Does 98 divide 238085961?
False
Is 90 a factor of 288548910?
True
Is 1635638491 a multiple of 26?
False
Is 1695562963 a multiple of 24?
False
Is 309 a factor of 8459493?
True
Does 1319 divide 56491651?
False
Does 383 divide 7164524?
False
Does 31 divide 4018639833?
True
Does 1028 divide 18495776?
True
Is 56 a factor of 365609216?
True
Does 16 divide 1183298768?
True
Is 48 a factor of 209527525?
False
Is 16098947 a multiple of 464?
False
Is 184 a factor of 189682288?
True
Is 301178013 a multiple of 12?
False
Is 355018038 a multiple of 920?
False
Does 13 divide 53857609?
True
Does 46 divide 265820706?
True
Is 1363 a factor of 251703847?
True
Does 430 divide 5097544?
False
Is 2428594062 a multiple of 21?
False
Is 7553832 a multiple of 4?
True
Is 359799522 a multiple of 498?
True
Does 64 divide 902479424?
True
Is 1553175 a multiple of 42?
False
Is 19 a factor of 78437444?
False
Is 592 a factor of 31011328?
True
Does 12 divide 512147898?
False
Is 1916 a factor of 2704235220?
False
Does 29 divide 98548786?
True
Does 22 divide 70649143?
False
Is 774945273 a multiple of 1988?
False
Is 3094 a factor of 433896372?
True
Does 56 divide 32349520?
True
Does 1840 divide 66861145?
False
Does 13 divide 14903603?
True
Is 1268235094 a multiple of 3814?
True
Is 261 a factor of 430787547?
True
Does 1381 divide 1577585734?
False
Is 80777031 a multiple of 111?
True
Is 330 a factor of 12189445?
False
Does 23 divide 15881086?
True
Is 421395093 a multiple of 67?
True
Is 40630695 a multiple of 21?
True
Is 7 a factor of 1121660346?
False
Does 18 divide 4450213476?
True
Is 2688526 a multiple of 41?
False
Is 47803603 a multiple of 101?
True
Is 491514742 a multiple of 3826?
True
Is 53796240 a multiple of 240?
True
Is 2690 a factor of 64342854?
False
Is 5400 a factor of 348154296?
False
Is 82819935 a multiple of 22?
False
Does 1449 divide 597675573?
False
Does 403 divide 1910859482?
False
Does 55 divide 2323149895?
True
Does 310 divide 462471640?
True
Is 149 a factor of 66352829?
True
Does 2471 divide 565924969?
False
Does 26 divide 244215633?
False
Is 3091038704 a multiple of 8?
True
Does 56 divide 41523528?
False
Does 43 divide 588736778?
False
Is 2723363363 a multiple of 193?
True
Is 630 a factor of 314169030?
True
Is 58 a factor of 40994611?
False
Does 784 divide 745455374?
False
Is 340910930 a multiple of 21?
False
Is 97 a factor of 42740162?
False
Is 527878994 a multiple of 61?
True
Is 5725 a factor of 606584246?
False
Is 15231620 a multiple of 472?
False
Does 3715 divide 371659745?
True
Does 867 divide 181908738?
True
Does 154 divide 2672824?
True
Does 3297 divide 77091549?
False
Is 338058123 a multiple of 10?
False
Does 3 divide 29027414?
False
Does 1605 divide 1015729065?
True
Is 434852070 even?
True
Does 361 divide 1635888190?
False
Is 53 a factor of 17757703?
True
Does 1840 divide 421805291?
False
Is 32 a factor of 522273632?
True
Is 12 a factor of 1831524?
True
Is 213 a factor of 16